{"id":7283,"date":"2023-07-03T14:37:18","date_gmt":"2023-07-03T17:37:18","guid":{"rendered":"https:\/\/monicaandradeimoveis.com.br\/site\/?post_type=imoveis&#038;p=7283"},"modified":"2026-02-10T14:34:31","modified_gmt":"2026-02-10T17:34:31","slug":"apartamento-a-venda-no-edificio-mansao-jenner-augusto-no-bairro-jardins","status":"publish","type":"imoveis","link":"https:\/\/monicaandradeimoveis.com.br\/site\/imoveis\/apartamento-a-venda-no-edificio-mansao-jenner-augusto-no-bairro-jardins\/","title":{"rendered":"Apartamento \u00e0 venda no Edif\u00edcio Mans\u00e3o Jenner Augusto, no bairro Jardins"},"content":{"rendered":"<p>Apartamento \u00e0 venda no Edif\u00edcio Mans\u00e3o Jenner Augusto, no bairro Jardins, pr\u00f3ximo ao Mapfre Seguros. O im\u00f3vel disp\u00f5e de:<\/p>\n<p>&nbsp;<\/p>\n<p>\u00b0 01 vest\u00edbulo<br \/>\n\u00b0 3 salas (estar, jantar e TV)<br \/>\n\u00b0 01 lavabo<br \/>\n\u00b0 Varanda<br \/>\n\u00b0 01 escrit\u00f3rio<br \/>\n\u00b0 3 su\u00edtes sendo 01 su\u00edte master<br \/>\n\u00b0 Cozinha<br \/>\n\u00b0 \u00c1rea de servi\u00e7o<br \/>\n\u00b0 DCE<br \/>\n\u00b0 3 vagas de garagem e 1 dep\u00f3sito<br \/>\n\u00b0 \u00c1rea de lazer: Piscina, Sal\u00e3o de festas e Quadra<\/p>\n<p>&nbsp;<\/p>\n<p>\u00b0 VALOR DE VENDA: R$ 850.000,00<br \/>\n\u00b0 CONDOM\u00cdNIO: R$ R$ 2.180,00<br \/>\n\u00b0 IPTU: R$ 5.652,64<\/p>\n<p>&nbsp;<\/p>\n<p>Contato: (79) 3246-3454 ( Liga\u00e7\u00f5es e WhatsApp ) M\u00f4nica Andrade Im\u00f3veis \u2013 Creci 299 PJ<\/p>\n","protected":false},"featured_media":0,"template":"","tipo-do-imovel":[23],"estado-do-imovel":[],"regiao-do-imovel":[11],"categorias-do-imovel":[25],"class_list":["post-7283","imoveis","type-imoveis","status-publish","hentry","tipo-do-imovel-venda","regiao-do-imovel-aracaju","categorias-do-imovel-apartamento"],"yoast_head":"<!-- This site is optimized with the Yoast SEO plugin v21.7 - https:\/\/yoast.com\/wordpress\/plugins\/seo\/ -->\n<title>Apartamento \u00e0 venda no Edif\u00edcio Mans\u00e3o Jenner Augusto, no bairro Jardins - Monica Andrade Im&oacute;veis<\/title>\n<meta name=\"robots\" content=\"index, follow, max-snippet:-1, max-image-preview:large, max-video-preview:-1\" \/>\n<link rel=\"canonical\" href=\"https:\/\/monicaandradeimoveis.com.br\/site\/imoveis\/apartamento-a-venda-no-edificio-mansao-jenner-augusto-no-bairro-jardins\/\" \/>\n<meta property=\"og:locale\" content=\"pt_BR\" \/>\n<meta property=\"og:type\" content=\"article\" \/>\n<meta property=\"og:title\" content=\"Apartamento \u00e0 venda no Edif\u00edcio Mans\u00e3o Jenner Augusto, no bairro Jardins - Monica Andrade Im&oacute;veis\" \/>\n<meta property=\"og:description\" content=\"Apartamento \u00e0 venda no Edif\u00edcio Mans\u00e3o Jenner Augusto, no bairro Jardins, pr\u00f3ximo ao Mapfre Seguros. O im\u00f3vel disp\u00f5e de: &nbsp; \u00b0 01 vest\u00edbulo \u00b0 3 salas (estar, jantar e TV) \u00b0 01 lavabo \u00b0 Varanda \u00b0 01 escrit\u00f3rio \u00b0 3 su\u00edtes sendo 01 su\u00edte master \u00b0 Cozinha \u00b0 \u00c1rea de servi\u00e7o \u00b0 DCE \u00b0 3 [&hellip;]\" \/>\n<meta property=\"og:url\" content=\"https:\/\/monicaandradeimoveis.com.br\/site\/imoveis\/apartamento-a-venda-no-edificio-mansao-jenner-augusto-no-bairro-jardins\/\" \/>\n<meta property=\"og:site_name\" content=\"Monica Andrade Im&oacute;veis\" \/>\n<meta property=\"article:modified_time\" content=\"2026-02-10T17:34:31+00:00\" \/>\n<meta name=\"twitter:card\" content=\"summary_large_image\" \/>\n<meta name=\"twitter:label1\" content=\"Est. tempo de leitura\" \/>\n\t<meta name=\"twitter:data1\" content=\"1 minuto\" \/>\n<script type=\"application\/ld+json\" class=\"yoast-schema-graph\">{\"@context\":\"https:\/\/schema.org\",\"@graph\":[{\"@type\":\"WebPage\",\"@id\":\"https:\/\/monicaandradeimoveis.com.br\/site\/imoveis\/apartamento-a-venda-no-edificio-mansao-jenner-augusto-no-bairro-jardins\/\",\"url\":\"https:\/\/monicaandradeimoveis.com.br\/site\/imoveis\/apartamento-a-venda-no-edificio-mansao-jenner-augusto-no-bairro-jardins\/\",\"name\":\"Apartamento \u00e0 venda no Edif\u00edcio Mans\u00e3o Jenner Augusto, no bairro Jardins - Monica Andrade Im&oacute;veis\",\"isPartOf\":{\"@id\":\"https:\/\/monicaandradeimoveis.com.br\/site\/#website\"},\"datePublished\":\"2023-07-03T17:37:18+00:00\",\"dateModified\":\"2026-02-10T17:34:31+00:00\",\"breadcrumb\":{\"@id\":\"https:\/\/monicaandradeimoveis.com.br\/site\/imoveis\/apartamento-a-venda-no-edificio-mansao-jenner-augusto-no-bairro-jardins\/#breadcrumb\"},\"inLanguage\":\"pt-BR\",\"potentialAction\":[{\"@type\":\"ReadAction\",\"target\":[\"https:\/\/monicaandradeimoveis.com.br\/site\/imoveis\/apartamento-a-venda-no-edificio-mansao-jenner-augusto-no-bairro-jardins\/\"]}]},{\"@type\":\"BreadcrumbList\",\"@id\":\"https:\/\/monicaandradeimoveis.com.br\/site\/imoveis\/apartamento-a-venda-no-edificio-mansao-jenner-augusto-no-bairro-jardins\/#breadcrumb\",\"itemListElement\":[{\"@type\":\"ListItem\",\"position\":1,\"name\":\"In\u00edcio\",\"item\":\"https:\/\/monicaandradeimoveis.com.br\/site\/\"},{\"@type\":\"ListItem\",\"position\":2,\"name\":\"Im\u00f3veis\",\"item\":\"https:\/\/monicaandradeimoveis.com.br\/site\/imoveis\/\"},{\"@type\":\"ListItem\",\"position\":3,\"name\":\"Apartamento \u00e0 venda no Edif\u00edcio Mans\u00e3o Jenner Augusto, no bairro Jardins\"}]},{\"@type\":\"WebSite\",\"@id\":\"https:\/\/monicaandradeimoveis.com.br\/site\/#website\",\"url\":\"https:\/\/monicaandradeimoveis.com.br\/site\/\",\"name\":\"Monica Andrade Im&oacute;veis\",\"description\":\"Aqui voc\u00ea vai encontrar o im\u00f3vel dos seus sonhos!\",\"potentialAction\":[{\"@type\":\"SearchAction\",\"target\":{\"@type\":\"EntryPoint\",\"urlTemplate\":\"https:\/\/monicaandradeimoveis.com.br\/site\/?s={search_term_string}\"},\"query-input\":\"required name=search_term_string\"}],\"inLanguage\":\"pt-BR\"}]}<\/script>\n<!-- \/ Yoast SEO plugin. -->","yoast_head_json":{"title":"Apartamento \u00e0 venda no Edif\u00edcio Mans\u00e3o Jenner Augusto, no bairro Jardins - Monica Andrade Im&oacute;veis","robots":{"index":"index","follow":"follow","max-snippet":"max-snippet:-1","max-image-preview":"max-image-preview:large","max-video-preview":"max-video-preview:-1"},"canonical":"https:\/\/monicaandradeimoveis.com.br\/site\/imoveis\/apartamento-a-venda-no-edificio-mansao-jenner-augusto-no-bairro-jardins\/","og_locale":"pt_BR","og_type":"article","og_title":"Apartamento \u00e0 venda no Edif\u00edcio Mans\u00e3o Jenner Augusto, no bairro Jardins - Monica Andrade Im&oacute;veis","og_description":"Apartamento \u00e0 venda no Edif\u00edcio Mans\u00e3o Jenner Augusto, no bairro Jardins, pr\u00f3ximo ao Mapfre Seguros. O im\u00f3vel disp\u00f5e de: &nbsp; \u00b0 01 vest\u00edbulo \u00b0 3 salas (estar, jantar e TV) \u00b0 01 lavabo \u00b0 Varanda \u00b0 01 escrit\u00f3rio \u00b0 3 su\u00edtes sendo 01 su\u00edte master \u00b0 Cozinha \u00b0 \u00c1rea de servi\u00e7o \u00b0 DCE \u00b0 3 [&hellip;]","og_url":"https:\/\/monicaandradeimoveis.com.br\/site\/imoveis\/apartamento-a-venda-no-edificio-mansao-jenner-augusto-no-bairro-jardins\/","og_site_name":"Monica Andrade Im&oacute;veis","article_modified_time":"2026-02-10T17:34:31+00:00","twitter_card":"summary_large_image","twitter_misc":{"Est. tempo de leitura":"1 minuto"},"schema":{"@context":"https:\/\/schema.org","@graph":[{"@type":"WebPage","@id":"https:\/\/monicaandradeimoveis.com.br\/site\/imoveis\/apartamento-a-venda-no-edificio-mansao-jenner-augusto-no-bairro-jardins\/","url":"https:\/\/monicaandradeimoveis.com.br\/site\/imoveis\/apartamento-a-venda-no-edificio-mansao-jenner-augusto-no-bairro-jardins\/","name":"Apartamento \u00e0 venda no Edif\u00edcio Mans\u00e3o Jenner Augusto, no bairro Jardins - Monica Andrade Im&oacute;veis","isPartOf":{"@id":"https:\/\/monicaandradeimoveis.com.br\/site\/#website"},"datePublished":"2023-07-03T17:37:18+00:00","dateModified":"2026-02-10T17:34:31+00:00","breadcrumb":{"@id":"https:\/\/monicaandradeimoveis.com.br\/site\/imoveis\/apartamento-a-venda-no-edificio-mansao-jenner-augusto-no-bairro-jardins\/#breadcrumb"},"inLanguage":"pt-BR","potentialAction":[{"@type":"ReadAction","target":["https:\/\/monicaandradeimoveis.com.br\/site\/imoveis\/apartamento-a-venda-no-edificio-mansao-jenner-augusto-no-bairro-jardins\/"]}]},{"@type":"BreadcrumbList","@id":"https:\/\/monicaandradeimoveis.com.br\/site\/imoveis\/apartamento-a-venda-no-edificio-mansao-jenner-augusto-no-bairro-jardins\/#breadcrumb","itemListElement":[{"@type":"ListItem","position":1,"name":"In\u00edcio","item":"https:\/\/monicaandradeimoveis.com.br\/site\/"},{"@type":"ListItem","position":2,"name":"Im\u00f3veis","item":"https:\/\/monicaandradeimoveis.com.br\/site\/imoveis\/"},{"@type":"ListItem","position":3,"name":"Apartamento \u00e0 venda no Edif\u00edcio Mans\u00e3o Jenner Augusto, no bairro Jardins"}]},{"@type":"WebSite","@id":"https:\/\/monicaandradeimoveis.com.br\/site\/#website","url":"https:\/\/monicaandradeimoveis.com.br\/site\/","name":"Monica Andrade Im&oacute;veis","description":"Aqui voc\u00ea vai encontrar o im\u00f3vel dos seus sonhos!","potentialAction":[{"@type":"SearchAction","target":{"@type":"EntryPoint","urlTemplate":"https:\/\/monicaandradeimoveis.com.br\/site\/?s={search_term_string}"},"query-input":"required name=search_term_string"}],"inLanguage":"pt-BR"}]}},"_links":{"self":[{"href":"https:\/\/monicaandradeimoveis.com.br\/site\/wp-json\/wp\/v2\/imoveis\/7283","targetHints":{"allow":["GET"]}}],"collection":[{"href":"https:\/\/monicaandradeimoveis.com.br\/site\/wp-json\/wp\/v2\/imoveis"}],"about":[{"href":"https:\/\/monicaandradeimoveis.com.br\/site\/wp-json\/wp\/v2\/types\/imoveis"}],"wp:attachment":[{"href":"https:\/\/monicaandradeimoveis.com.br\/site\/wp-json\/wp\/v2\/media?parent=7283"}],"wp:term":[{"taxonomy":"tipo-do-imovel","embeddable":true,"href":"https:\/\/monicaandradeimoveis.com.br\/site\/wp-json\/wp\/v2\/tipo-do-imovel?post=7283"},{"taxonomy":"estado-do-imovel","embeddable":true,"href":"https:\/\/monicaandradeimoveis.com.br\/site\/wp-json\/wp\/v2\/estado-do-imovel?post=7283"},{"taxonomy":"regiao-do-imovel","embeddable":true,"href":"https:\/\/monicaandradeimoveis.com.br\/site\/wp-json\/wp\/v2\/regiao-do-imovel?post=7283"},{"taxonomy":"categorias-do-imovel","embeddable":true,"href":"https:\/\/monicaandradeimoveis.com.br\/site\/wp-json\/wp\/v2\/categorias-do-imovel?post=7283"}],"curies":[{"name":"wp","href":"https:\/\/api.w.org\/{rel}","templated":true}]}}

Apartamento à venda no Edifício Mansão Jenner Augusto, no bairro Jardins

<p>Apartamento à venda no Edifício Mansão Jenner Augusto, no bairro Jardins, próximo ao Mapfre Seguros. O imóvel dispõe de:</p>
<p>&nbsp;</p>
<p>° 01 vestíbulo<br />
° 3 salas (estar, jantar e TV)<br />
° 01 lavabo<br />
° Varanda<br />
° 01 escritório<br />
° 3 suítes sendo 01 suíte master<br />
° Cozinha<br />
° Área de serviço<br />
° DCE<br />
° 3 vagas de garagem e 1 depósito<br />
° Área de lazer: Piscina, Salão de festas e Quadra</p>
<p>&nbsp;</p>
<p>° VALOR DE VENDA: R$ 850.000,00<br />
° CONDOMÍNIO: R$ R$ 2.180,00<br />
° IPTU: R$ 5.652,64</p>
<p>&nbsp;</p>
<p>Contato: (79) 3246-3454 ( Ligações e WhatsApp ) Mônica Andrade Imóveis – Creci 299 PJ</p>

<!-- This site is optimized with the Yoast SEO plugin v21.7 - https://yoast.com/wordpress/plugins/seo/ -->
<title>Apartamento à venda no Edifício Mansão Jenner Augusto, no bairro Jardins - Monica Andrade Im&oacute;veis</title>
<meta name="robots" content="index, follow, max-snippet:-1, max-image-preview:large, max-video-preview:-1" />
<link rel="canonical" href="https://monicaandradeimoveis.com.br/site/imoveis/apartamento-a-venda-no-edificio-mansao-jenner-augusto-no-bairro-jardins/" />
<meta property="og:locale" content="pt_BR" />
<meta property="og:type" content="article" />
<meta property="og:title" content="Apartamento à venda no Edifício Mansão Jenner Augusto, no bairro Jardins - Monica Andrade Im&oacute;veis" />
<meta property="og:description" content="Apartamento à venda no Edifício Mansão Jenner Augusto, no bairro Jardins, próximo ao Mapfre Seguros. O imóvel dispõe de: &nbsp; ° 01 vestíbulo ° 3 salas (estar, jantar e TV) ° 01 lavabo ° Varanda ° 01 escritório ° 3 suítes sendo 01 suíte master ° Cozinha ° Área de serviço ° DCE ° 3 [&hellip;]" />
<meta property="og:url" content="https://monicaandradeimoveis.com.br/site/imoveis/apartamento-a-venda-no-edificio-mansao-jenner-augusto-no-bairro-jardins/" />
<meta property="og:site_name" content="Monica Andrade Im&oacute;veis" />
<meta property="article:modified_time" content="2026-02-10T17:34:31+00:00" />
<meta name="twitter:card" content="summary_large_image" />
<meta name="twitter:label1" content="Est. tempo de leitura" />
	<meta name="twitter:data1" content="1 minuto" />
<script type="application/ld+json" class="yoast-schema-graph">{"@context":"https://schema.org","@graph":[{"@type":"WebPage","@id":"https://monicaandradeimoveis.com.br/site/imoveis/apartamento-a-venda-no-edificio-mansao-jenner-augusto-no-bairro-jardins/","url":"https://monicaandradeimoveis.com.br/site/imoveis/apartamento-a-venda-no-edificio-mansao-jenner-augusto-no-bairro-jardins/","name":"Apartamento à venda no Edifício Mansão Jenner Augusto, no bairro Jardins - Monica Andrade Im&oacute;veis","isPartOf":{"@id":"https://monicaandradeimoveis.com.br/site/#website"},"datePublished":"2023-07-03T17:37:18+00:00","dateModified":"2026-02-10T17:34:31+00:00","breadcrumb":{"@id":"https://monicaandradeimoveis.com.br/site/imoveis/apartamento-a-venda-no-edificio-mansao-jenner-augusto-no-bairro-jardins/#breadcrumb"},"inLanguage":"pt-BR","potentialAction":[{"@type":"ReadAction","target":["https://monicaandradeimoveis.com.br/site/imoveis/apartamento-a-venda-no-edificio-mansao-jenner-augusto-no-bairro-jardins/"]}]},{"@type":"BreadcrumbList","@id":"https://monicaandradeimoveis.com.br/site/imoveis/apartamento-a-venda-no-edificio-mansao-jenner-augusto-no-bairro-jardins/#breadcrumb","itemListElement":[{"@type":"ListItem","position":1,"name":"Início","item":"https://monicaandradeimoveis.com.br/site/"},{"@type":"ListItem","position":2,"name":"Imóveis","item":"https://monicaandradeimoveis.com.br/site/imoveis/"},{"@type":"ListItem","position":3,"name":"Apartamento à venda no Edifício Mansão Jenner Augusto, no bairro Jardins"}]},{"@type":"WebSite","@id":"https://monicaandradeimoveis.com.br/site/#website","url":"https://monicaandradeimoveis.com.br/site/","name":"Monica Andrade Im&oacute;veis","description":"Aqui você vai encontrar o imóvel dos seus sonhos!","potentialAction":[{"@type":"SearchAction","target":{"@type":"EntryPoint","urlTemplate":"https://monicaandradeimoveis.com.br/site/?s={search_term_string}"},"query-input":"required name=search_term_string"}],"inLanguage":"pt-BR"}]}</script>
<!-- / Yoast SEO plugin. -->

Apartamento à venda no Edifício Mansão Jenner Augusto, no bairro Jardins - Monica Andrade Im&oacute;veis

Apartamento à venda no Edifício Mansão Jenner Augusto, no bairro Jardins, próximo ao Mapfre Seguros. O imóvel dispõe de: &nbsp; ° 01 vestíbulo ° 3 salas (estar, jantar e TV) ° 01 lavabo ° Varanda ° 01 escritório ° 3 suítes sendo 01 suíte master ° Cozinha ° Área de serviço ° DCE ° 3 [&hellip;]

Início

Imóveis

Aqui você vai encontrar o imóvel dos seus sonhos!
